ppose -w - 2*w + 3 = 0. Let s(r) = -3*r - 1. Let k be s(-1). Suppose k*h = -w + 15. Calculate the greatest common divisor of h and 49.
7
Suppose 168*h + 27 = 169*h. Calculate the highest common factor of h and 45.
9
Suppose -4*z - 4*f + 148 = 0, 5*f = -0 + 5. Calculate the highest common divisor of z and 24.
12
Let l be (-3 + 88)/5*1. Let n = -7 + 24. Calculate the greatest common factor of l and n.
17
Suppose n + 72 = 4*n. Calculate the greatest common factor of n and 3.
3
Let h be 7/3 + (-1)/3. Suppose -4*y + 3 = -g + h, 5*g = -3*y + 41. Calculate the greatest common factor of 21 and g.
7
Suppose -5*i + 2 = -4*a, -1 = -5*i + 9. Suppose -f + 3*f + 116 = 3*g, -g - a*f + 52 = 0. What is the highest common divisor of 6 and g?
6
Let u be 1059/27 + (-4)/18. Let k be 2/2 + (4 - -21). Calculate the greatest common factor of k and u.
13
Let q(d) = 2*d**3 + 3*d**2 - 1. Let l be q(2). Suppose v - 4*v = -l. Suppose -3*n + 28 = x, 2*n + x = 8 + v. What is the greatest common factor of 55 and n?
11
Let v = 30 - 2. Let a = -6 - -10. Suppose -s + v = w, 16 = a*w - 4*s - 128. Calculate the highest common divisor of 8 and w.
8
Let i = 192 + -110. Calculate the greatest common factor of 41 and i.
41
Let b(h) = h**2 + 2*h + 6. Let w be b(-4). Let k = -28 - -42. Calculate the greatest common factor of k and w.
14
Let s(m) = -2*m**3 - 5*m**2 - 2*m + 2. Let j be s(-3). Let a = 21 - j. Calculate the greatest common divisor of 28 and a.
4
Let m(l) = l**3 - 2*l**2 - 7*l + 6. Let u be m(4). What is the greatest common factor of u and 5?
5
Suppose 4*q - 52 = -5*x, 0 = 2*q + 3*q - 3*x - 102. Let p(z) = 14*z**2 - z + 3. Let m be p(3). What is the highest common divisor of q and m?
18
Let u be (1/(-2))/(6/(-288)). What is the highest common divisor of 48 and u?
24
Suppose 60 = 11*q - 8*q. Calculate the greatest common divisor of 8 and q.
4
Suppose -34 = 13*t - 14*t. What is the greatest common divisor of t and 85?
17
Suppose 5*q - 93 + 308 = 0. Let c = 79 + q. Let d be (c/(-14))/(2/(-28)). What is the highest common divisor of d and 4?
4
Let z = 0 - 0. Suppose 0 = w + 3*s - 46 - 33, z = -5*w + 5*s + 335. What is the highest common divisor of 28 and w?
14
Suppose w + 0*w = 3. Let x(t) = -2*t**3 + 4*t**2 - 3*t + 2. Let c be x(w). Let a = 35 + c. Calculate the greatest common factor of 2 and a.
2
Let m be (-2529)/(-39) - (-10)/65. Suppose -150 = 5*g - 0*g. Let k = -17 - g. What is the greatest common factor of m and k?
13
Let b(u) = -2*u + 6*u**2 + 0*u**2 + 5*u. Let o be b(-2). What is the greatest common divisor of 90 and o?
18
Suppose -i - 8 + 22 = 0. Suppose 16 = 3*c + 4*p, 26 + 0 = 2*c - 5*p. Let m = c + -6. What is the highest common divisor of i and m?
2
Suppose -4*v - n + 51 = 0, -12 = -2*v + 5*n - 3. Let u(q) = -23*q - 6. Let h be u(8). Let y be 1/4 + h/(-8). Calculate the highest common divisor of y and v.
12
Suppose -7*z - 22 = -9*z. What is the greatest common divisor of 77 and z?
11
Suppose 0 = -4*f + b + 9, 5*f + 5*b - 15 = 15. Suppose -f*w = n - 168, 3*w - 168 = -3*n + 4*n. What is the greatest common factor of 8 and w?
8
Let n(w) = 6*w**3 - w - 1. Let t be n(2). Suppose 4*u - 97 = -d - 2*d, 5*d = -2*u + t. Calculate the highest common divisor of 10 and u.
5
Let y(j) be the first derivative of -1 + 6*j + 0*j + 3*j**2 + 0*j - 4. Let z be y(6). Calculate the greatest common divisor of z and 6.
6
Let p(t) = 3*t**2 + t - 6. Let i be p(-5). Calculate the greatest common factor of 8 and i.
8
Let c = 30 + -17. Let t(j) = 21*j - 4. Let k be t(7). Calculate the highest common factor of c and k.
13
Suppose -w + 4*g + 104 = 0, -3*g = -w + 2*g + 108. Suppose 0 = -8*m + 3*m + 55. What is the greatest common divisor of m and w?
11
Let m = -8 + 15. Suppose 9 + 33 = 3*f. What is the greatest common factor of f and m?
7
Suppose -3*w + 69 = -39. Let j be (-581)/(-28) + 3 - (-1)/4. What is the greatest common factor of j and w?
12
Let u be 34/(-5)*20/(-8). Calculate the highest common factor of u and 68.
17
Suppose 4*c = -4*z - 4, 2*c + 7 = -z - c. Suppose -215 = -z*i - 3*g, 3*g - 439 = -0*i - 4*i. What is the greatest common divisor of 14 and i?
14
Let v(d) = d + 13. Let q(f) = f - 1. Let l(k) = -2*q(k) + v(k). Let y be l(13). Suppose 0*g = -3*g + 66. What is the highest common divisor of g and y?
2
Suppose 10 = v + 2*s, 3*v + 3*s = -9 + 48. What is the highest common factor of 24 and v?
8
Let c(b) = -b**3 - 6*b**2 + 14*b + 4. Let n be c(-8). Calculate the greatest common divisor of 30 and n.
10
Let m = 22 + -51. Let t = 41 + m. Suppose -21 - t = -3*u. Calculate the highest common divisor of 22 and u.
11
Let z(b) = -b**3 + 5*b**2 + 5*b + 7. Let p be z(6). Let c = -2 - p. Let j be (-11)/c + 3/9. What is the highest common factor of j and 2?
2
Let g(n) = 112*n**2 + 2*n - 2. Let u be g(-2). Suppose -p - 3*i + 114 = 0, -3*p - i - 84 = -u. Calculate the greatest common factor of 12 and p.
12
Suppose -168 = -13*o + 66. Suppose -3*m + 41 + 86 = -2*d, -4*m + 188 = 2*d. Calculate the greatest common factor of o and m.
9
Suppose -26 = -h - 3. Calculate the greatest common factor of 207 and h.
23
Let z(b) = b**2 - 2*b - 8. Suppose 0 = -a + 2*a + 6. Let v be z(a). Let p(d) = d**2 - 5*d - 4. Let w be p(7). Calculate the highest common divisor of v and w.
10
Suppose u - 120 = -4*u - 4*d, -60 = -2*u - 4*d. What is the highest common factor of u and 60?
20
Suppose 5 = 2*s + 3*t, s - 4*t + 0*t - 8 = 0. Let n = -3 + 7. What is the highest common factor of s and n?
4
Suppose v = 256 - 91. Suppose -5*b - 124 = 4*c + v, 5*c - 4*b = -310. Let x be (-9)/(c/21 + 3). Calculate the highest common divisor of x and 7.
7
Let d(y) be the second derivative of 0 - 1/20*y**5 + 3*y + 1/2*y**4 - 1/2*y**3 - 7/2*y**2. Let k be d(5). What is the greatest common divisor of 15 and k?
3
Suppose -c = -5*c - 3*t - 35, 0 = -3*c - t - 20. Let u = c + 3. Let p be (-1 - -3) + u/(-2). What is the highest common divisor of 24 and p?
3
Suppose -6 = -s + 2*r + 16, -7 = -s - r. Suppose 0 = 5*y + s - 42. Suppose -5*l - 192 = -9*l. What is the highest common factor of l and y?
6
Suppose -z + 0 + 2 = 0. Suppose -z*n = 2*n - 28. Suppose 4*y + y = 385. What is the highest common factor of y and n?
7
Let u be (-190)/(-45) + 6/(-27). Suppose -115 = -u*q + 237. What is the highest common divisor of 8 and q?
8
Suppose 2*i + 3*i = 4*a - 1205, 924 = 3*a + 3*i. Let l = a + -201. Calculate the greatest common factor of l and 13.
13
Let s(q) = -q**3 + q**2 + q + 40. Let o be s(0). Calculate the greatest common divisor of o and 100.
20
Suppose -2*t = -2*u - 292, -442 = 3*u - 0*u - 5*t. Let s = u - -236. What is the highest common factor of 23 and s?
23
Let a be (0 + -2)/1 + 3. What is the highest common divisor of 11 and a?
1
Suppose 0 = 11*t - 7*t - 24. Calculate the highest common factor of 2 and t.
2
Suppose -326 = 2*l - 4*l - 2*f, 5*l + f = 835. Let i = -96 + l. What is the highest common factor of 8 and i?
8
Suppose 0 = -4*m + 16, -2*g - 2*m = 2*m - 20. Let t be ((-20)/g)/(-2 + 3). Let v be 8*(-18)/8*t. Calculate the highest common divisor of v and 18.
18
Let z be 30/(-18)*6/(-1). Suppose 5*a = 25 + z. Calculate the highest common factor of 63 and a.
7
Let g be (-9 + 3)*16/(-3). Suppose -g = -3*v + 13. What is the highest common factor of v and 6?
3
Let w(p) = -p**3 - p + 4. Suppose -2*h + h = 0. Let a be w(h). Suppose 8 = a*t - 12. What is the highest common factor of t and 2?
1
Let s(q) = q**3 - q**2 - 2*q + 60. Let v be s(0). Let h = 2 - -10. Calculate the highest common divisor of h and v.
12
Let y(r) = 3*r**3 - 3*r + 1. Let l be y(2). Suppose -x + l = -3. Calculate the greatest common divisor of x and 11.
11
Let m(y) = y + 6. Let o be m(-2). Calculate the greatest common factor of o and 6.
2
Suppose -3*k + o = -k - 107, 5*k + 5*o - 275 = 0. Calculate the highest common divisor of 36 and k.
18
Suppose -4*c - c + 10 = 0. Let o be 10*(-1 + c - -4). Calculate the greatest common factor of o and 10.
10
Suppose 3*f = -f. Suppose 4*j - 4 = -f. Suppose -25 = -c - j. What is the highest common divisor of c and 6?
6
Let w(q) be the first derivative of q**2/2 + 5*q - 1. Let a be w(5). What is the greatest common divisor of 2 and a?
2
Let v(j) = j + 14. Let k be v(7). What is the greatest common factor of k and 14?
7
Let d(u) = -u**3 - 10*u*